y 14.
13
Let g(d) = 2*d**2 + 9*d. Suppose 2*i = -5*o - 1048, -1 = 2*o - 9. Let b = 600 + i. Calculate the remainder when b is divided by g(-6).
12
Let o = 59 - 101. Let l = o - -42. Suppose 2*g - i = -27 + 204, 5*i - 15 = l. Calculate the remainder when g is divided by 24.
18
Let w = -28 + 35. Suppose 2*j = w*j - 95. Suppose 34*f - 648 = 3092. What is the remainder when f is divided by j?
15
Suppose 22*d = 27*d - 365. Suppose 4*n - 2*m - 2 = 0, -5 = 3*n - 2*m - 7. What is the remainder when d is divided by (3 - n)/(3/40)?
33
What is the remainder when (-36)/(-90)*(-5475)/(-5) is divided by 136?
30
Let m = -65037 - -65064. What is the remainder when m is divided by (2/4)/(1/12)?
3
Suppose -h - 3*k + 191 = -6*k, 7 = k. What is the remainder when h is divided by 85?
42
Let x = 4 - -1. Suppose 76*m - 865 - 651 + 148 = 0. Calculate the remainder when m is divided by x.
3
Let f(y) = -y**2 - 2*y - 2. Let z be f(-1). Suppose t - 40 = -4*t. Calculate the remainder when (-2)/(1 - z)*(-58 - -3) is divided by t.
7
Let b(h) = -2*h**3 + 53*h**2 - 315*h + 17. Calculate the remainder when 3652 is divided by b(9).
14
Suppose -7*z + 2 = -6*z. Suppose -5*r + k = -10*r + 77, z*r + 3*k - 36 = 0. Suppose y = -r*y + 384. What is the remainder when y is divided by 18?
6
Let p(b) = 38*b**3 - b**2 + 2*b - 1. Suppose 10 = -5*c, -2*n = -5*c + 8 - 20. Let h = -60 + 68. Calculate the remainder when p(n) is divided by h.
6
Suppose 157*j - 3281 = 958. Let a = 294 + -80. What is the remainder when a is divided by j?
25
Let o = -13 - -19. Suppose 10*j + 12 = o*j, 0 = -v - 5*j + 93. Calculate the remainder when v is divided by 11.
9
Suppose 0 = -k - q - 2*q - 44, -4*k = 4*q + 144. Let h(y) = 9*y**2 - y + 1. Let g be h(2). Let o = k + g. Calculate the remainder when 7 is divided by o.
1
Let o(w) = 1220*w**2 + 1433*w - 7104. Calculate the remainder when o(5) is divided by 6.
3
Suppose 7*v - 6*v + 235 = 0. Let n = 248 + v. What is the remainder when 42 is divided by n?
3
Suppose 5*k - 3 = -23. Let r be (k/6)/(13/(-3159)). Calculate the remainder when (2/(-6) - 0)*r/(-6) is divided by 5.
4
Suppose -57*t + 70*t - 88136 - 126663 = 0. What is the remainder when t is divided by 18?
17
Let p = -12789 - -13721. What is the remainder when p is divided by 23?
12
Suppose -3 = 2*z - 5*z. Let j be z - (-1 + (-11)/(-1 - 0)). What is the remainder when 25 is divided by 4*(-5)/90 - 128/j?
11
Suppose -12 = -4*a + 8, 437 = 2*k + 3*a. What is the remainder when k is divided by (2 + -1 + (5 - -5))*5?
46
Let b be (2 - 5) + (-44)/2. Let l = -37 - b. What is the remainder when 67 is divided by (l/14)/(3/126*-2)?
13
Suppose 204*y = 203*y + 153. Suppose -4*x - 5*m = -y + 38, -5*m = -3*x + 95. Calculate the remainder when 90 is divided by x.
0
Calculate the remainder when 6583 is divided by -178*(((-52)/(-12) - 5) + 4/(-12)).
175
Let c = -1398 - -2932. What is the remainder when c is divided by 140?
134
Let q(a) = -1341*a**3 - 5*a**2 - 85*a - 161. Calculate the remainder when q(-2) is divided by 16.
13
Calculate the remainder when 163 is divided by (0 + -6)*18/(378/(-287)).
81
Suppose 0 = -3*h - 5*h - 288. Let u be (-3 + h/(-28))/((-5)/(-70)). Calculate the remainder when 178 is divided by -3*537/(-54) - 4/u.
28
Let y = 16337 - 11260. Calculate the remainder when y is divided by 14.
9
Suppose -5*l - 3*t = -716 + 118, 2*t - 121 = -l. Let u be 1/(-8 - (-2730)/342). Calculate the remainder when l is divided by (5 - u/(-12))*-4 + 41.
39
Suppose 0 = 4*y - j - 1149, -8*y + 13*y + 2*j = 1420. Calculate the remainder when y is divided by 146.
140
Let d = 23346 - 23298. What is the remainder when d is divided by 35?
13
Let c(q) = -q**2 - 26*q + 1103. Calculate the remainder when 1501 is divided by c(22).
44
Let l = -25 - -21. Let o be (64/(-24))/(l/6). Calculate the remainder when (38 - o)*22/4 is divided by 64.
59
What is the remainder when ((-24)/11 - -2) + (-1 - 240388/(-209)) is divided by 376?
21
Let r(d) = -d**2 + 23*d - 13. Let v be r(21). Let p = 27 + 6. Let a = p - v. Calculate the remainder when 21 is divided by a.
1
Let u(r) = -r**3 - 7*r**2 - r + 5. Suppose -6*j = 9 + 33. What is the remainder when 27 is divided by u(j)?
3
Let g(m) = 25*m - 506. Let s(u) = 25*u - 6. Calculate the remainder when s(4) is divided by g(21).
18
Suppose -d + 0*d = -5*g - 23, -5*d - 5*g = 5. Suppose d*t - 5*t + 2 = 0, 0 = y - 5*t + 14. Calculate the remainder when 12 is divided by 6/(3/(-18)*y).
0
Let d be 2/(-6) + (-33)/9. Let n = -2709 + 2780. Let s = d + n. Calculate the remainder when s is divided by 14.
11
Let b be (-15)/2*22/33. What is the remainder when 301 is divided by (-30)/b*(153/(-2))/(-9)?
46
Let m = -17664 + 22658. What is the remainder when m is divided by 102?
98
Suppose 5*l - 3*t + 9 = 0, l + 0*t - 5*t = -15. What is the remainder when 132 - (l - -6 - 5) is divided by 44?
43
Let m(w) = 18*w + 206. Let b be m(-4). Calculate the remainder when -2 - (1 + (-11)/1) is divided by 469/b - (-2)/(-4).
2
Suppose -119*w + 90214 = 200*w - 5223688. What is the remainder when w is divided by 27?
26
Suppose 0 = -x + 7 + 4. Suppose o + x = 9. What is the remainder when 39 is divided by -3 - -11 - (o - 0)?
9
Let p(u) = -19 + 63 - 19 + 117*u - 19 - 23. What is the remainder when p(3) is divided by 28?
26
Suppose 0 = -o + 38 + 30. Let n(z) = 2*z**2 + 31*z - 15. Let k be (51/6)/((-3)/6). What is the remainder when o is divided by n(k)?
32
Let d = 1120 - 1106. Let u(h) = -4*h**2 - 1. Let f be u(1). Calculate the remainder when (-4)/6*((-469)/d - f) is divided by 9.
1
Let j = -503 + 526. Let y = 4 + -2. Suppose 0 = -y*b + 4*b - 228. Calculate the remainder when b is divided by j.
22
Let g(z) = 7*z - 96. What is the remainder when 201 is divided by g(19)?
16
Let w = 11212 + -11018. Calculate the remainder when w is divided by 42.
26
Let p(q) = 50*q**2 - 88*q - 761. What is the remainder when p(-10) is divided by 109?
105
Let q = 43 + 300. Let n = q + -264. What is the remainder when n is divided by 21?
16
Let t be 5/4 + -1 - 30/(-8). Suppose -7*y + 18 - t = 0. Suppose y*f - 33 = -u, -u + 0 - 57 = -4*f. Calculate the remainder when 41 is divided by f.
11
Let a = 153 - 141. Suppose -2*q - 4*r + a = 0, -4*r = 2 + 6. Calculate the remainder when 228 is divided by q.
8
Let c = -8 - -11. Suppose c*x - 279 = -0*x. Let j = -697 + 721. Calculate the remainder when x is divided by j.
21
Suppose 15*k - 7769 = -7214. Calculate the remainder when 773 is divided by k.
33
Let m be (-3)/2*(-4)/6. Let r be (0 + 0)*(-2 + 2 + m). Suppose r*z = -4*a - z + 39, -3*z - 4 = a. Calculate the remainder when 21 is divided by a.
10
Let y(k) = -462 - 4*k**2 - k + 3*k**3 + 6*k**2 + 460. Let a be y(1). Calculate the remainder when 85 is divided by (-7)/a*(-344)/28.
42
Let t = -21 - -34. Suppose -t*v + 257 = -328. What is the remainder when 57 is divided by v/(-30)*(2 - (-76)/(-6))?
9
Suppose -d = 3*d + 2*q - 4, -4*d = 5*q - 16. Let h(f) = -194*f - 2245 + 13*f + 2249. Calculate the remainder when h(d) is divided by 17.
15
Let u(a) = 68*a**2 + 2*a + 1. Let i = -111 + 123. Calculate the remainder when u(-1) is divided by ((-46)/8)/(490/(-40) + i).
21
Suppose 341*k = 353*k - 37752. What is the remainder when k is divided by 137?
132
Let u = 50 - 41. Suppose -u*m + 42 = 5*m. Suppose -2*v = -m*a + 41 - 9, 3*v - 4 = -2*a. What is the remainder when 55 is divided by a?
7
Let n(l) = 3*l**2 - 36*l - 165. Let f = 340 + -508. Let t = f - -299. What is the remainder when t is divided by n(-4)?
23
Suppose 61*r + 2*d = 64*r - 60, -3*r + 120 = -12*d. Let p = 117 + -85. What is the remainder when p is divided by r?
0
Suppose 0 = 5*q - 3*p - 15144, 3*p - 9930 = -2*q - 3906. Calculate the remainder when q is divided by 6.
0
Suppose 0*v + 5*v - 46 = 289. What is the remainder when 82 is divided by v?
15
Suppose 25*j + 20*j = 85590. Calculate the remainder when j is divided by 61.
11
Let l(p) = p**2 + 263*p - 5933. Calculate the remainder when -2 + 66 + 4/(-2) is divided by l(21).
0
Let q = -138 + -1602. Let i be 2/(-3)*q/40. Let f = 32 + i. What is the remainder when f is divided by 32?
29
Let j(z) = z**3 - 62*z**2 - 64*z + 84. Calculate the remainder when 1546 is divided by j(63).
13
Let t(r) = -6*r + 6. What is the remainder when t(-6) is divided by 12 + -18 + 8*(-45)/(-10)